{"id":1125,"date":"2021-12-10T13:37:29","date_gmt":"2021-12-10T12:37:29","guid":{"rendered":"https:\/\/eshop.openhousepraha.cz\/subdom\/eshop\/?post_type=product&#038;p=1125"},"modified":"2025-12-15T10:47:39","modified_gmt":"2025-12-15T09:47:39","slug":"domalovanky","status":"publish","type":"product","link":"https:\/\/eshop.openhousepraha.cz\/subdom\/eshop\/produkt\/domalovanky\/","title":{"rendered":"Domalov\u00e1nky"},"content":{"rendered":"<p>Rozm\u011bry: 21 x 21 cm<\/p>\n<p>Po\u010det stran: 20<\/p>\n","protected":false},"excerpt":{"rendered":"Domalov\u00e1nky neslou\u017e\u00ed jen k vykreslen\u00ed, ale tak\u00e9 k pln\u011bn\u00ed r\u016fzn\u00fdch \u00fakol\u016f. Od dokreslen\u00ed chyb\u011bj\u00edc\u00edch prvk\u016f, cvi\u010den\u00ed osov\u00e9 soum\u011brnosti a\u017e k rozvoji fantazie. V Domalov\u00e1nk\u00e1ch najdete nap\u0159\u00edklad hlavn\u00ed n\u00e1dra\u017e\u00ed Praha, hotel International, Invalidovnu, parn\u00edk Vltava a dal\u0161\u00ed. Pro dosp\u011bl\u00e9 to m\u016f\u017ee b\u00fdt \u0161ikovn\u00e1 antistresov\u00e1 z\u00e1bava.\r\n\r\nN\u00e1kupem podpo\u0159\u00edte \u010dinnost Open House Praha. D\u011bkujeme.","protected":false},"featured_media":1130,"template":"","meta":{"_acf_changed":false,"_monsterinsights_skip_tracking":false,"_monsterinsights_sitenote_active":false,"_monsterinsights_sitenote_note":"","_monsterinsights_sitenote_category":0},"product_brand":[],"product_cat":[62],"product_tag":[55,47],"class_list":{"0":"post-1125","1":"product","2":"type-product","3":"status-publish","4":"has-post-thumbnail","6":"product_cat-tiskoviny","7":"product_tag-pro-deti","8":"product_tag-tistene","10":"first","11":"instock","12":"shipping-taxable","13":"purchasable","14":"product-type-simple"},"acf":[],"_links":{"self":[{"href":"https:\/\/eshop.openhousepraha.cz\/subdom\/eshop\/wp-json\/wp\/v2\/product\/1125","targetHints":{"allow":["GET"]}}],"collection":[{"href":"https:\/\/eshop.openhousepraha.cz\/subdom\/eshop\/wp-json\/wp\/v2\/product"}],"about":[{"href":"https:\/\/eshop.openhousepraha.cz\/subdom\/eshop\/wp-json\/wp\/v2\/types\/product"}],"wp:featuredmedia":[{"embeddable":true,"href":"https:\/\/eshop.openhousepraha.cz\/subdom\/eshop\/wp-json\/wp\/v2\/media\/1130"}],"wp:attachment":[{"href":"https:\/\/eshop.openhousepraha.cz\/subdom\/eshop\/wp-json\/wp\/v2\/media?parent=1125"}],"wp:term":[{"taxonomy":"product_brand","embeddable":true,"href":"https:\/\/eshop.openhousepraha.cz\/subdom\/eshop\/wp-json\/wp\/v2\/product_brand?post=1125"},{"taxonomy":"product_cat","embeddable":true,"href":"https:\/\/eshop.openhousepraha.cz\/subdom\/eshop\/wp-json\/wp\/v2\/product_cat?post=1125"},{"taxonomy":"product_tag","embeddable":true,"href":"https:\/\/eshop.openhousepraha.cz\/subdom\/eshop\/wp-json\/wp\/v2\/product_tag?post=1125"}],"curies":[{"name":"wp","href":"https:\/\/api.w.org\/{rel}","templated":true}]}}