{"id":2189,"date":"2024-10-03T11:41:17","date_gmt":"2024-10-03T09:41:17","guid":{"rendered":"https:\/\/eshop.openhousepraha.cz\/subdom\/eshop\/?post_type=product&#038;p=2189"},"modified":"2026-04-27T12:48:34","modified_gmt":"2026-04-27T10:48:34","slug":"vanocni-ozdoby-pavel-janak-edition","status":"publish","type":"product","link":"https:\/\/eshop.openhousepraha.cz\/subdom\/eshop\/produkt\/vanocni-ozdoby-pavel-janak-edition\/","title":{"rendered":"V\u00e1no\u010dn\u00ed ozdoby \u201aPavel Jan\u00e1k Edition\u2018"},"content":{"rendered":"<p>D\u00e1rkov\u00e1 ob\u00e1lka obsahuje\u00a06 v\u00e1no\u010dn\u00edch ozdob se \u0161\u0148\u016frkami a n\u00e1vodem pro v\u00fdrobu.<\/p>\n<p>Barevnost: modr\u00e1 a \u010derven\u00e1<\/p>\n<p>Velikost ozdob: pr\u016fm\u011br jedn\u00e9 ozdoby 6 cm<\/p>\n<p>Velikost potisku: 2x A5<\/p>\n<p>Inspirace: Pal\u00e1c Adria, Pal\u00e1c \u0160kodov\u00fdch z\u00e1vod\u016f, Krematorium Pardubice, Hl\u00e1vk\u016fv most, Kubistick\u00fd kiosek, kubistick\u00e1 cuk\u0159enka<\/p>\n<p>Po skon\u010den\u00ed sv\u00e1tk\u016f ozdoby jednodu\u0161e rozlo\u017e\u00edte a m\u016f\u017eete si je schovat na p\u0159\u00ed\u0161t\u00ed rok.<\/p>\n<p>&nbsp;<\/p>\n","protected":false},"excerpt":{"rendered":"Limitovan\u00e1 edice <strong>v\u00e1no\u010dn\u00edch ozdob z pap\u00edru<\/strong> p\u0159ipom\u00edn\u00e1 tvorbu v\u00fdznamn\u00e9ho\u00a0\u010desk\u00e9ho architekta <strong>Pavla Jan\u00e1ka<\/strong>. Grafick\u00e1 designerka <strong>Dita Krou\u017eelov\u00e1<\/strong> se p\u0159i jejich tvorb\u011b inspirovala motivy, kter\u00e9 m\u016f\u017eete naj\u00edt na budov\u00e1ch Pavla Jan\u00e1ka i v jeho u\u017eit\u00e9m um\u011bn\u00ed.\r\n\r\nPokud st\u00e1le v\u00e1h\u00e1te, jak\u00fdm d\u00e1rkem pot\u011b\u0161it <strong>architektonick\u00e9 nad\u0161ence<\/strong>, tak\u00a0<strong>origin\u00e1ln\u00ed d\u00e1rkov\u00e9 balen\u00ed \u0161esti ozdob<\/strong> je tou pravou volbou. M\u016f\u017eete jej v\u011bnovat jako pozornost nejen sv\u00fdm bl\u00edzk\u00fdm, ale i koleg\u016fm z pr\u00e1ce.<span class=\"Apple-converted-space\">\u00a0<\/span>\r\n\r\nV\u00fdroba ozdob nen\u00ed \u017e\u00e1dn\u00fdm o\u0159\u00ed\u0161kem, jednodu\u0161e si vyst\u0159ihnete kulat\u00e9 tvary, kter\u00e9 k sob\u011b napasujete, p\u0159id\u00e1te \u0161\u0148\u016frku a zav\u011bs\u00edte na v\u011btvi\u010dku. Zvl\u00e1dnou to i \u0161ikovn\u00e9 d\u011bti. Na v\u00fdb\u011br m\u00e1te ze\u00a0<strong>dvou druh\u016f barev<\/strong> (\u010derven\u00e1 a modr\u00e1), kter\u00e9 lze nakombinovat. K <strong>dekorov\u00e1n\u00ed<\/strong> m\u016f\u017eete tak\u00e9 znovu vyu\u017e\u00edt i\u00a0<a href=\"https:\/\/eshop.openhousepraha.cz\/subdom\/eshop\/produkt\/vanocni-ozdoby-jan-kotera-edition\/\"><strong>edici Jan Kot\u011bra<\/strong><\/a>, ozdoby k sob\u011b hezky lad\u00ed.<span class=\"Apple-converted-space\">\u00a0<\/span>\r\n\r\n<strong><a href=\"https:\/\/eshop.openhousepraha.cz\/subdom\/eshop\/wp-content\/uploads\/woocommerce_uploads\/2021\/11\/Kotera_ozdoby_navod-tjrrz5.pdf\">N\u00e1vod ke sta\u017een\u00ed<\/a><\/strong>\r\n\r\nDoporu\u010dujeme <strong>zabalit va\u0161e d\u00e1rky<\/strong> do <a href=\"https:\/\/eshop.openhousepraha.cz\/subdom\/eshop\/produkt\/latkove-pytliky-s-architektonickymi-motivy\/\"><strong>l\u00e1tkov\u00fdch pytl\u00edk\u016f<\/strong><\/a> se stejn\u00fdmi motivy, kter\u00e9 jsme pro v\u00e1s ru\u010dn\u011b u\u0161ili.","protected":false},"featured_media":2213,"template":"","meta":{"_acf_changed":false,"_monsterinsights_skip_tracking":false,"_monsterinsights_sitenote_active":false,"_monsterinsights_sitenote_note":"","_monsterinsights_sitenote_category":0},"product_brand":[],"product_cat":[40],"product_tag":[74,55,47,76,93],"class_list":{"0":"post-2189","1":"product","2":"type-product","3":"status-publish","4":"has-post-thumbnail","6":"product_cat-vanocni-darky","7":"product_tag-edice-pavel-janak","8":"product_tag-pro-deti","9":"product_tag-tistene","10":"product_tag-vanoce","11":"product_tag-ozdoby","13":"first","14":"instock","15":"shipping-taxable","16":"purchasable","17":"product-type-variable","18":"has-default-attributes"},"acf":[],"_links":{"self":[{"href":"https:\/\/eshop.openhousepraha.cz\/subdom\/eshop\/wp-json\/wp\/v2\/product\/2189","targetHints":{"allow":["GET"]}}],"collection":[{"href":"https:\/\/eshop.openhousepraha.cz\/subdom\/eshop\/wp-json\/wp\/v2\/product"}],"about":[{"href":"https:\/\/eshop.openhousepraha.cz\/subdom\/eshop\/wp-json\/wp\/v2\/types\/product"}],"wp:featuredmedia":[{"embeddable":true,"href":"https:\/\/eshop.openhousepraha.cz\/subdom\/eshop\/wp-json\/wp\/v2\/media\/2213"}],"wp:attachment":[{"href":"https:\/\/eshop.openhousepraha.cz\/subdom\/eshop\/wp-json\/wp\/v2\/media?parent=2189"}],"wp:term":[{"taxonomy":"product_brand","embeddable":true,"href":"https:\/\/eshop.openhousepraha.cz\/subdom\/eshop\/wp-json\/wp\/v2\/product_brand?post=2189"},{"taxonomy":"product_cat","embeddable":true,"href":"https:\/\/eshop.openhousepraha.cz\/subdom\/eshop\/wp-json\/wp\/v2\/product_cat?post=2189"},{"taxonomy":"product_tag","embeddable":true,"href":"https:\/\/eshop.openhousepraha.cz\/subdom\/eshop\/wp-json\/wp\/v2\/product_tag?post=2189"}],"curies":[{"name":"wp","href":"https:\/\/api.w.org\/{rel}","templated":true}]}}