{"id":4061,"date":"2025-05-02T21:08:25","date_gmt":"2025-05-02T19:08:25","guid":{"rendered":"https:\/\/eshop.openhousepraha.cz\/subdom\/eshop\/?post_type=product&#038;p=4061"},"modified":"2026-04-14T21:38:22","modified_gmt":"2026-04-14T19:38:22","slug":"damske-tricko-oversize-edice-tesnov","status":"publish","type":"product","link":"https:\/\/eshop.openhousepraha.cz\/subdom\/eshop\/produkt\/damske-tricko-oversize-edice-tesnov\/","title":{"rendered":"D\u00e1msk\u00e9 tri\u010dko oversize edice T\u011b\u0161nov"},"content":{"rendered":"<p><b>Boxy Woman (d\u00e1msk\u00e9 oversized triko)<\/b><\/p>\n<p>Materi\u00e1l: 100% \u010desan\u00e1 certifikovan\u00e1 bio bavlna v p\u0159echodu na ekologick\u00e9 zem\u011bd\u011blstv\u00ed<\/p>\n<p>Gram\u00e1\u017e: 180 g\/m\u00b2<\/p>\n<p>Popis: voln\u00fd oversize st\u0159ih, \u017eebrovan\u00fd kulat\u00fd v\u00fdst\u0159ih, \u0161irok\u00e9 ruk\u00e1vy<\/p>\n<p>Potisk: oboustrann\u00fd, na p\u0159edku barevn\u00fd<\/p>\n<p>\u00dadr\u017eba: prateln\u00e9 na 30 \u00b0C, nevhodn\u00e9 do su\u0161i\u010dky<\/p>\n","protected":false},"excerpt":{"rendered":"P\u0159ipome\u0148te si s n\u00e1mi osud jednoho z <strong>nejkr\u00e1sn\u011bj\u0161\u00edch n\u00e1dra\u017e\u00ed st\u0159edn\u00ed Evropy<\/strong>!\r\n\r\nOversize triko z leto\u0161n\u00ed limitovan\u00e9 edice festivalu Open House Praha 2025 zdob\u00ed kresba <strong>legend\u00e1rn\u00edho n\u00e1dra\u017e\u00ed Praha T\u011b\u0161nov<\/strong>, kter\u00e9 st\u00e1lo na sv\u00e9m m\u00edst\u011b od roku 1875 a\u017e do osudn\u00e9ho 16. b\u0159ezna 1985, kdy bylo b\u011bhem n\u011bkolika vte\u0159in srovn\u00e1no se zem\u00ed.\r\n\r\nT\u011b\u0161novsk\u00e9 n\u00e1dra\u017e\u00ed, zn\u00e1m\u00e9 tak\u00e9 jako Denisovo, vynikalo <strong>monument\u00e1ln\u00ed architekturou<\/strong> podle n\u00e1vrhu Karla Schlimpa \u2013 triumf\u00e1ln\u00ed oblouk, korintsk\u00e9 sloupy, alegorick\u00e9 sochy a bohat\u011b zdoben\u00fd interi\u00e9r ho \u0159adily mezi architektonick\u00e9 skvosty sv\u00e9 doby.\r\n\r\nDnes po n\u011bm zbyly jen vzpom\u00ednky, kter\u00e9 se pomalu vytr\u00e1c\u00ed&#8230;\r\n\r\nTrika vznikla u p\u0159\u00edle\u017eitosti leto\u0161n\u00edho <strong>40. v\u00fdro\u010d\u00ed demolice<\/strong> a<strong> 150. v\u00fdro\u010d\u00ed otev\u0159en\u00ed n\u00e1dra\u017e\u00ed<\/strong>, ilustrace poch\u00e1z\u00ed z pera <strong>Jana \u0160r\u00e1mka<\/strong>.\r\n\r\nN\u00e1kupem trika podpo\u0159\u00edte realizaci dal\u0161\u00edho ro\u010dn\u00edku festivalu. D\u011bkujeme.\r\n\r\nL\u00edb\u00ed se v\u00e1m tento motiv? Pod\u00edvejte se na celou <a href=\"https:\/\/eshop.openhousepraha.cz\/subdom\/eshop\/stitek-produktu\/edice-tesnov\/\"><strong>edici T\u011b\u0161nov<\/strong><\/a>.\r\n\r\n<a href=\"https:\/\/eshop.openhousepraha.cz\/subdom\/eshop\/wp-content\/uploads\/2025\/05\/Boxy_women_oversize_trika_velikostni_tabulka.png\">Velikostn\u00ed tabulka<\/a>","protected":false},"featured_media":4362,"template":"","meta":{"_acf_changed":false,"_monsterinsights_skip_tracking":false,"_monsterinsights_sitenote_active":false,"_monsterinsights_sitenote_note":"","_monsterinsights_sitenote_category":0},"product_brand":[],"product_cat":[27,42],"product_tag":[49,95,96],"class_list":{"0":"post-4061","1":"product","2":"type-product","3":"status-publish","4":"has-post-thumbnail","6":"product_cat-textil","7":"product_cat-tricka","8":"product_tag-bila","9":"product_tag-edice-2025","10":"product_tag-edice-tesnov","12":"first","13":"instock","14":"shipping-taxable","15":"purchasable","16":"product-type-variable"},"acf":[],"_links":{"self":[{"href":"https:\/\/eshop.openhousepraha.cz\/subdom\/eshop\/wp-json\/wp\/v2\/product\/4061","targetHints":{"allow":["GET"]}}],"collection":[{"href":"https:\/\/eshop.openhousepraha.cz\/subdom\/eshop\/wp-json\/wp\/v2\/product"}],"about":[{"href":"https:\/\/eshop.openhousepraha.cz\/subdom\/eshop\/wp-json\/wp\/v2\/types\/product"}],"wp:featuredmedia":[{"embeddable":true,"href":"https:\/\/eshop.openhousepraha.cz\/subdom\/eshop\/wp-json\/wp\/v2\/media\/4362"}],"wp:attachment":[{"href":"https:\/\/eshop.openhousepraha.cz\/subdom\/eshop\/wp-json\/wp\/v2\/media?parent=4061"}],"wp:term":[{"taxonomy":"product_brand","embeddable":true,"href":"https:\/\/eshop.openhousepraha.cz\/subdom\/eshop\/wp-json\/wp\/v2\/product_brand?post=4061"},{"taxonomy":"product_cat","embeddable":true,"href":"https:\/\/eshop.openhousepraha.cz\/subdom\/eshop\/wp-json\/wp\/v2\/product_cat?post=4061"},{"taxonomy":"product_tag","embeddable":true,"href":"https:\/\/eshop.openhousepraha.cz\/subdom\/eshop\/wp-json\/wp\/v2\/product_tag?post=4061"}],"curies":[{"name":"wp","href":"https:\/\/api.w.org\/{rel}","templated":true}]}}